{"id":14,"date":"2021-06-10T19:27:38","date_gmt":"2021-06-10T19:27:38","guid":{"rendered":"http:\/\/https:\/\/editorialuniversitaria.usac.edu.gt\/?page_id=14"},"modified":"2021-07-18T09:16:11","modified_gmt":"2021-07-18T09:16:11","slug":"historia-de-la-editorial-universitaria","status":"publish","type":"page","link":"https:\/\/editorialuniversitaria.usac.edu.gt\/index.php\/historia-de-la-editorial-universitaria\/","title":{"rendered":"HISTORIA DE LA EDITORIAL UNIVERSITARIA"},"content":{"rendered":"\n<p>En la m\u00e1xima casa de estudios de Guatemala, la Universidad de San Carlos, era indispensable la instalaci\u00f3n de una imprenta para realizar la importante tarea de divulgaci\u00f3n cultural. Ante tan urgente necesidad, las autoridades universitarias impulsaron la b\u00fasqueda de una imprenta, como qued\u00f3 apuntado en las gestiones realizadas el 28 de abril de 1945 (correspondencia del Rector Carlos Mart\u00ednez Dur\u00e1n. AGUSAC 30; folio 116).<\/p>\n\n\n\n<p>La imprenta universitaria, <strong>se funda el 15 de noviembre de 1945<\/strong>, por acuerdo del Consejo Superior Universitario; el 15 de enero de 1971 se crea la Divisi\u00f3n Editorial Universitaria por Acuerdo de Rector\u00eda No. 7,421 y el 2 de agosto de 1971, mediante acuerdo de Rector\u00eda No. 8,040 se fusiona la Imprenta Universitaria con el Centro de Reproducci\u00f3n de Materiales dando lugar a la actual <strong>Editorial Universitaria<\/strong>.<\/p>\n\n\n\n<p><strong>Primeros trabajos<\/strong>:<\/p>\n\n\n\n<p>El 4 de diciembre de 1945, lleg\u00f3 a manos de todos los Decanos de la Universidad de San Carlos de Guatemala la circular en donde se les informaba de la adquisici\u00f3n de la imprenta. La circular se\u00f1alaba: \u201cNos es grato dirigirnos a ustedes, para informarle que a partir del primero del mes en curso, nuestra peque\u00f1a imprenta estar\u00e1 en condiciones de hacer trabajos menores, por lo cual les ruego a ustedes se sirvan enviarnos el material que deba ser impreso\u201d.<\/p>\n\n\n\n<p>La imprenta Universitaria (ahora Editorial Universitaria) inici\u00f3 sus trabajos en una pieza (sal\u00f3n) de la Facultad de Ciencias M\u00e9dicas, y con un equipo muy peque\u00f1o.<\/p>\n\n\n\n<p>En sus inicios, dos operarios y un ayudante era el personal de la Imprenta Universitaria.<\/p>\n\n\n\n<p>Al ver que no obstante lo reducido del espacio que ten\u00eda la Imprenta en la Facultad de Ciencias M\u00e9dicas y los beneficios que proporcionaba para las m\u00faltiples necesidades de la Universidad en el ramo de la impresi\u00f3n, se realizaron varios trabajos, para darle debido alojamiento en la Facultad de Humanidades. El traslado se registr\u00f3 para el primer aniversario de esa Facultad, un 17 de septiembre de 1946.<\/p>\n\n\n\n<p><strong>Desarrollo y Fondo Editorial<\/strong><\/p>\n\n\n\n<p>Ante la ausencia, en Guatemala, de una industria editorial desarrollada, la Editorial Universitaria contribuye a satisfacer los requerimientos de la poblaci\u00f3n estudiantil universitaria y de la sociedad guatemalteca. Ante esto, muchos autores buscan publicar sus obras en la Editorial. Esa demanda de producci\u00f3n editorial y de imprenta determin\u00f3 que en 1997 el Consejo Superior Universitario aprobara el proyecto de \u201cDesarrollo y sostenimiento del Fondo Editorial\u201d.<\/p>\n\n\n\n<p>La Editorial Universitaria ha logrado alcanzar avances significativos durante los \u00faltimos a\u00f1os, en sus actividades, tanto en su producci\u00f3n como en la distribuci\u00f3n..<\/p>\n\n\n\n<figure class=\"wp-block-gallery columns-3 is-cropped wp-block-gallery-1 is-layout-flex wp-block-gallery-is-layout-flex\"><ul class=\"blocks-gallery-grid\"><li class=\"blocks-gallery-item\"><figure><img decoding=\"async\" width=\"640\" height=\"480\" src=\"http:\/\/https:\/\/editorialuniversitaria.usac.edu.gt\/wp-content\/uploads\/2021\/07\/189822_153244584736347_5498249_n.jpg\" alt=\"\" data-id=\"867\" data-full-url=\"http:\/\/https:\/\/editorialuniversitaria.usac.edu.gt\/wp-content\/uploads\/2021\/07\/189822_153244584736347_5498249_n.jpg\" data-link=\"http:\/\/https:\/\/editorialuniversitaria.usac.edu.gt\/index.php\/historia-de-la-editorial-universitaria\/189822_153244584736347_5498249_n\/\" class=\"wp-image-867\" srcset=\"https:\/\/editorialuniversitaria.usac.edu.gt\/wp-content\/uploads\/2021\/07\/189822_153244584736347_5498249_n.jpg 640w, https:\/\/editorialuniversitaria.usac.edu.gt\/wp-content\/uploads\/2021\/07\/189822_153244584736347_5498249_n-300x225.jpg 300w\" sizes=\"(max-width: 640px) 100vw, 640px\" \/><\/figure><\/li><li class=\"blocks-gallery-item\"><figure><img decoding=\"async\" width=\"620\" height=\"468\" src=\"http:\/\/https:\/\/editorialuniversitaria.usac.edu.gt\/wp-content\/uploads\/2021\/07\/191191_153398121387660_4251707_o.jpg\" alt=\"\" data-id=\"846\" data-link=\"http:\/\/https:\/\/editorialuniversitaria.usac.edu.gt\/index.php\/historia-de-la-editorial-universitaria\/191191_153398121387660_4251707_o\/\" class=\"wp-image-846\" srcset=\"https:\/\/editorialuniversitaria.usac.edu.gt\/wp-content\/uploads\/2021\/07\/191191_153398121387660_4251707_o.jpg 620w, https:\/\/editorialuniversitaria.usac.edu.gt\/wp-content\/uploads\/2021\/07\/191191_153398121387660_4251707_o-300x226.jpg 300w\" sizes=\"(max-width: 620px) 100vw, 620px\" \/><\/figure><\/li><li class=\"blocks-gallery-item\"><figure><img decoding=\"async\" width=\"620\" height=\"468\" src=\"http:\/\/https:\/\/editorialuniversitaria.usac.edu.gt\/wp-content\/uploads\/2021\/07\/191719_153397974721008_7812123_o.jpg\" alt=\"\" data-id=\"847\" data-link=\"http:\/\/https:\/\/editorialuniversitaria.usac.edu.gt\/index.php\/historia-de-la-editorial-universitaria\/191719_153397974721008_7812123_o\/\" class=\"wp-image-847\" srcset=\"https:\/\/editorialuniversitaria.usac.edu.gt\/wp-content\/uploads\/2021\/07\/191719_153397974721008_7812123_o.jpg 620w, https:\/\/editorialuniversitaria.usac.edu.gt\/wp-content\/uploads\/2021\/07\/191719_153397974721008_7812123_o-300x226.jpg 300w\" sizes=\"(max-width: 620px) 100vw, 620px\" \/><\/figure><\/li><li class=\"blocks-gallery-item\"><figure><img decoding=\"async\" width=\"620\" height=\"468\" src=\"http:\/\/https:\/\/editorialuniversitaria.usac.edu.gt\/wp-content\/uploads\/2021\/07\/194518_153397771387695_2398234_o-copia.jpg\" alt=\"\" data-id=\"848\" data-link=\"http:\/\/https:\/\/editorialuniversitaria.usac.edu.gt\/index.php\/historia-de-la-editorial-universitaria\/194518_153397771387695_2398234_o-copia\/\" class=\"wp-image-848\" srcset=\"https:\/\/editorialuniversitaria.usac.edu.gt\/wp-content\/uploads\/2021\/07\/194518_153397771387695_2398234_o-copia.jpg 620w, https:\/\/editorialuniversitaria.usac.edu.gt\/wp-content\/uploads\/2021\/07\/194518_153397771387695_2398234_o-copia-300x226.jpg 300w\" sizes=\"(max-width: 620px) 100vw, 620px\" \/><\/figure><\/li><li class=\"blocks-gallery-item\"><figure><img decoding=\"async\" width=\"620\" height=\"468\" src=\"http:\/\/https:\/\/editorialuniversitaria.usac.edu.gt\/wp-content\/uploads\/2021\/07\/198927_153243671403105_7804357_n-copia.jpg\" alt=\"\" data-id=\"849\" data-link=\"http:\/\/https:\/\/editorialuniversitaria.usac.edu.gt\/index.php\/historia-de-la-editorial-universitaria\/198927_153243671403105_7804357_n-copia\/\" class=\"wp-image-849\" srcset=\"https:\/\/editorialuniversitaria.usac.edu.gt\/wp-content\/uploads\/2021\/07\/198927_153243671403105_7804357_n-copia.jpg 620w, https:\/\/editorialuniversitaria.usac.edu.gt\/wp-content\/uploads\/2021\/07\/198927_153243671403105_7804357_n-copia-300x226.jpg 300w\" sizes=\"(max-width: 620px) 100vw, 620px\" \/><\/figure><\/li><li class=\"blocks-gallery-item\"><figure><img decoding=\"async\" width=\"620\" height=\"468\" src=\"http:\/\/https:\/\/editorialuniversitaria.usac.edu.gt\/wp-content\/uploads\/2021\/07\/200656_153397681387704_1844436_n-copia.jpg\" alt=\"\" data-id=\"850\" data-link=\"http:\/\/https:\/\/editorialuniversitaria.usac.edu.gt\/index.php\/historia-de-la-editorial-universitaria\/200656_153397681387704_1844436_n-copia\/\" class=\"wp-image-850\" srcset=\"https:\/\/editorialuniversitaria.usac.edu.gt\/wp-content\/uploads\/2021\/07\/200656_153397681387704_1844436_n-copia.jpg 620w, https:\/\/editorialuniversitaria.usac.edu.gt\/wp-content\/uploads\/2021\/07\/200656_153397681387704_1844436_n-copia-300x226.jpg 300w\" sizes=\"(max-width: 620px) 100vw, 620px\" \/><\/figure><\/li><li class=\"blocks-gallery-item\"><figure><img decoding=\"async\" width=\"620\" height=\"468\" src=\"http:\/\/https:\/\/editorialuniversitaria.usac.edu.gt\/wp-content\/uploads\/2021\/07\/553571_572229499504518_94388293_n-copia.jpg\" alt=\"\" data-id=\"851\" data-link=\"http:\/\/https:\/\/editorialuniversitaria.usac.edu.gt\/index.php\/historia-de-la-editorial-universitaria\/553571_572229499504518_94388293_n-copia\/\" class=\"wp-image-851\" srcset=\"https:\/\/editorialuniversitaria.usac.edu.gt\/wp-content\/uploads\/2021\/07\/553571_572229499504518_94388293_n-copia.jpg 620w, https:\/\/editorialuniversitaria.usac.edu.gt\/wp-content\/uploads\/2021\/07\/553571_572229499504518_94388293_n-copia-300x226.jpg 300w\" sizes=\"(max-width: 620px) 100vw, 620px\" \/><\/figure><\/li><li class=\"blocks-gallery-item\"><figure><img decoding=\"async\" width=\"620\" height=\"468\" src=\"http:\/\/https:\/\/editorialuniversitaria.usac.edu.gt\/wp-content\/uploads\/2021\/07\/1900042_654887691238698_1080899173_n-copia.jpg\" alt=\"\" data-id=\"852\" data-link=\"http:\/\/https:\/\/editorialuniversitaria.usac.edu.gt\/index.php\/historia-de-la-editorial-universitaria\/1900042_654887691238698_1080899173_n-copia\/\" class=\"wp-image-852\" srcset=\"https:\/\/editorialuniversitaria.usac.edu.gt\/wp-content\/uploads\/2021\/07\/1900042_654887691238698_1080899173_n-copia.jpg 620w, https:\/\/editorialuniversitaria.usac.edu.gt\/wp-content\/uploads\/2021\/07\/1900042_654887691238698_1080899173_n-copia-300x226.jpg 300w\" sizes=\"(max-width: 620px) 100vw, 620px\" \/><\/figure><\/li><li class=\"blocks-gallery-item\"><figure><img decoding=\"async\" width=\"620\" height=\"468\" src=\"http:\/\/https:\/\/editorialuniversitaria.usac.edu.gt\/wp-content\/uploads\/2021\/07\/11220848_918201488240649_805091094913377871_n.jpg\" alt=\"\" data-id=\"853\" data-link=\"http:\/\/https:\/\/editorialuniversitaria.usac.edu.gt\/index.php\/historia-de-la-editorial-universitaria\/11220848_918201488240649_805091094913377871_n\/\" class=\"wp-image-853\" srcset=\"https:\/\/editorialuniversitaria.usac.edu.gt\/wp-content\/uploads\/2021\/07\/11220848_918201488240649_805091094913377871_n.jpg 620w, https:\/\/editorialuniversitaria.usac.edu.gt\/wp-content\/uploads\/2021\/07\/11220848_918201488240649_805091094913377871_n-300x226.jpg 300w\" sizes=\"(max-width: 620px) 100vw, 620px\" \/><\/figure><\/li><li class=\"blocks-gallery-item\"><figure><img decoding=\"async\" width=\"620\" height=\"468\" src=\"http:\/\/https:\/\/editorialuniversitaria.usac.edu.gt\/wp-content\/uploads\/2021\/07\/11403107_918200584907406_2533484794781402653_n.jpg\" alt=\"\" data-id=\"854\" data-link=\"http:\/\/https:\/\/editorialuniversitaria.usac.edu.gt\/index.php\/historia-de-la-editorial-universitaria\/11403107_918200584907406_2533484794781402653_n\/\" class=\"wp-image-854\" srcset=\"https:\/\/editorialuniversitaria.usac.edu.gt\/wp-content\/uploads\/2021\/07\/11403107_918200584907406_2533484794781402653_n.jpg 620w, https:\/\/editorialuniversitaria.usac.edu.gt\/wp-content\/uploads\/2021\/07\/11403107_918200584907406_2533484794781402653_n-300x226.jpg 300w\" sizes=\"(max-width: 620px) 100vw, 620px\" \/><\/figure><\/li><li class=\"blocks-gallery-item\"><figure><img decoding=\"async\" width=\"620\" height=\"468\" src=\"http:\/\/https:\/\/editorialuniversitaria.usac.edu.gt\/wp-content\/uploads\/2021\/07\/12087863_971180969609367_1018897645850164605_o.jpg\" alt=\"\" data-id=\"855\" data-link=\"http:\/\/https:\/\/editorialuniversitaria.usac.edu.gt\/index.php\/historia-de-la-editorial-universitaria\/12087863_971180969609367_1018897645850164605_o\/\" class=\"wp-image-855\" srcset=\"https:\/\/editorialuniversitaria.usac.edu.gt\/wp-content\/uploads\/2021\/07\/12087863_971180969609367_1018897645850164605_o.jpg 620w, https:\/\/editorialuniversitaria.usac.edu.gt\/wp-content\/uploads\/2021\/07\/12087863_971180969609367_1018897645850164605_o-300x226.jpg 300w\" sizes=\"(max-width: 620px) 100vw, 620px\" \/><\/figure><\/li><li class=\"blocks-gallery-item\"><figure><img decoding=\"async\" width=\"620\" height=\"468\" src=\"http:\/\/https:\/\/editorialuniversitaria.usac.edu.gt\/wp-content\/uploads\/2021\/07\/12094945_970418036352327_292917265474241386_o.jpg\" alt=\"\" data-id=\"856\" data-link=\"http:\/\/https:\/\/editorialuniversitaria.usac.edu.gt\/index.php\/historia-de-la-editorial-universitaria\/12094945_970418036352327_292917265474241386_o\/\" class=\"wp-image-856\" srcset=\"https:\/\/editorialuniversitaria.usac.edu.gt\/wp-content\/uploads\/2021\/07\/12094945_970418036352327_292917265474241386_o.jpg 620w, https:\/\/editorialuniversitaria.usac.edu.gt\/wp-content\/uploads\/2021\/07\/12094945_970418036352327_292917265474241386_o-300x226.jpg 300w\" sizes=\"(max-width: 620px) 100vw, 620px\" \/><\/figure><\/li><\/ul><\/figure>\n\n\n\n<figure class=\"wp-block-gallery columns-3 is-cropped wp-block-gallery-2 is-layout-flex wp-block-gallery-is-layout-flex\"><ul class=\"blocks-gallery-grid\"><li class=\"blocks-gallery-item\"><figure><img decoding=\"async\" width=\"468\" height=\"620\" src=\"http:\/\/https:\/\/editorialuniversitaria.usac.edu.gt\/wp-content\/uploads\/2021\/07\/189913_153243991403073_1560801_n.jpg\" alt=\"\" data-id=\"858\" data-full-url=\"http:\/\/https:\/\/editorialuniversitaria.usac.edu.gt\/wp-content\/uploads\/2021\/07\/189913_153243991403073_1560801_n.jpg\" data-link=\"http:\/\/https:\/\/editorialuniversitaria.usac.edu.gt\/index.php\/historia-de-la-editorial-universitaria\/189913_153243991403073_1560801_n\/\" class=\"wp-image-858\" srcset=\"https:\/\/editorialuniversitaria.usac.edu.gt\/wp-content\/uploads\/2021\/07\/189913_153243991403073_1560801_n.jpg 468w, https:\/\/editorialuniversitaria.usac.edu.gt\/wp-content\/uploads\/2021\/07\/189913_153243991403073_1560801_n-226x300.jpg 226w\" sizes=\"(max-width: 468px) 100vw, 468px\" \/><\/figure><\/li><li class=\"blocks-gallery-item\"><figure><img decoding=\"async\" width=\"468\" height=\"620\" src=\"http:\/\/https:\/\/editorialuniversitaria.usac.edu.gt\/wp-content\/uploads\/2021\/07\/190422_153244291403043_4522379_n.jpg\" alt=\"\" data-id=\"859\" data-full-url=\"http:\/\/https:\/\/editorialuniversitaria.usac.edu.gt\/wp-content\/uploads\/2021\/07\/190422_153244291403043_4522379_n.jpg\" data-link=\"http:\/\/https:\/\/editorialuniversitaria.usac.edu.gt\/index.php\/historia-de-la-editorial-universitaria\/190422_153244291403043_4522379_n\/\" class=\"wp-image-859\" srcset=\"https:\/\/editorialuniversitaria.usac.edu.gt\/wp-content\/uploads\/2021\/07\/190422_153244291403043_4522379_n.jpg 468w, https:\/\/editorialuniversitaria.usac.edu.gt\/wp-content\/uploads\/2021\/07\/190422_153244291403043_4522379_n-226x300.jpg 226w\" sizes=\"(max-width: 468px) 100vw, 468px\" \/><\/figure><\/li><li class=\"blocks-gallery-item\"><figure><img decoding=\"async\" width=\"468\" height=\"620\" src=\"http:\/\/https:\/\/editorialuniversitaria.usac.edu.gt\/wp-content\/uploads\/2021\/07\/193627_153397814721024_5126327_o-copia.jpg\" alt=\"\" data-id=\"860\" data-full-url=\"http:\/\/https:\/\/editorialuniversitaria.usac.edu.gt\/wp-content\/uploads\/2021\/07\/193627_153397814721024_5126327_o-copia.jpg\" data-link=\"http:\/\/https:\/\/editorialuniversitaria.usac.edu.gt\/index.php\/historia-de-la-editorial-universitaria\/193627_153397814721024_5126327_o-copia\/\" class=\"wp-image-860\" srcset=\"https:\/\/editorialuniversitaria.usac.edu.gt\/wp-content\/uploads\/2021\/07\/193627_153397814721024_5126327_o-copia.jpg 468w, https:\/\/editorialuniversitaria.usac.edu.gt\/wp-content\/uploads\/2021\/07\/193627_153397814721024_5126327_o-copia-226x300.jpg 226w\" sizes=\"(max-width: 468px) 100vw, 468px\" \/><\/figure><\/li><li class=\"blocks-gallery-item\"><figure><img decoding=\"async\" width=\"468\" height=\"620\" src=\"http:\/\/https:\/\/editorialuniversitaria.usac.edu.gt\/wp-content\/uploads\/2021\/07\/197070_153244271403045_224255_n-copia.jpg\" alt=\"\" data-id=\"861\" data-full-url=\"http:\/\/https:\/\/editorialuniversitaria.usac.edu.gt\/wp-content\/uploads\/2021\/07\/197070_153244271403045_224255_n-copia.jpg\" data-link=\"http:\/\/https:\/\/editorialuniversitaria.usac.edu.gt\/index.php\/historia-de-la-editorial-universitaria\/197070_153244271403045_224255_n-copia\/\" class=\"wp-image-861\" srcset=\"https:\/\/editorialuniversitaria.usac.edu.gt\/wp-content\/uploads\/2021\/07\/197070_153244271403045_224255_n-copia.jpg 468w, https:\/\/editorialuniversitaria.usac.edu.gt\/wp-content\/uploads\/2021\/07\/197070_153244271403045_224255_n-copia-226x300.jpg 226w\" sizes=\"(max-width: 468px) 100vw, 468px\" \/><\/figure><\/li><li class=\"blocks-gallery-item\"><figure><img decoding=\"async\" width=\"468\" height=\"620\" src=\"http:\/\/https:\/\/editorialuniversitaria.usac.edu.gt\/wp-content\/uploads\/2021\/07\/198261_153244521403020_1336388_n-copia.jpg\" alt=\"\" data-id=\"862\" data-full-url=\"http:\/\/https:\/\/editorialuniversitaria.usac.edu.gt\/wp-content\/uploads\/2021\/07\/198261_153244521403020_1336388_n-copia.jpg\" data-link=\"http:\/\/https:\/\/editorialuniversitaria.usac.edu.gt\/index.php\/historia-de-la-editorial-universitaria\/198261_153244521403020_1336388_n-copia\/\" class=\"wp-image-862\" srcset=\"https:\/\/editorialuniversitaria.usac.edu.gt\/wp-content\/uploads\/2021\/07\/198261_153244521403020_1336388_n-copia.jpg 468w, https:\/\/editorialuniversitaria.usac.edu.gt\/wp-content\/uploads\/2021\/07\/198261_153244521403020_1336388_n-copia-226x300.jpg 226w\" sizes=\"(max-width: 468px) 100vw, 468px\" \/><\/figure><\/li><li class=\"blocks-gallery-item\"><figure><img decoding=\"async\" width=\"468\" height=\"620\" src=\"http:\/\/https:\/\/editorialuniversitaria.usac.edu.gt\/wp-content\/uploads\/2021\/07\/200313_153244558069683_1484000_n-copia.jpg\" alt=\"\" data-id=\"864\" data-full-url=\"http:\/\/https:\/\/editorialuniversitaria.usac.edu.gt\/wp-content\/uploads\/2021\/07\/200313_153244558069683_1484000_n-copia.jpg\" data-link=\"http:\/\/https:\/\/editorialuniversitaria.usac.edu.gt\/index.php\/historia-de-la-editorial-universitaria\/200313_153244558069683_1484000_n-copia\/\" class=\"wp-image-864\" srcset=\"https:\/\/editorialuniversitaria.usac.edu.gt\/wp-content\/uploads\/2021\/07\/200313_153244558069683_1484000_n-copia.jpg 468w, https:\/\/editorialuniversitaria.usac.edu.gt\/wp-content\/uploads\/2021\/07\/200313_153244558069683_1484000_n-copia-226x300.jpg 226w\" sizes=\"(max-width: 468px) 100vw, 468px\" \/><\/figure><\/li><li class=\"blocks-gallery-item\"><figure><img decoding=\"async\" width=\"468\" height=\"620\" src=\"http:\/\/https:\/\/editorialuniversitaria.usac.edu.gt\/wp-content\/uploads\/2021\/07\/1972433_918200568240741_1968966372512986426_n-copia.jpg\" alt=\"\" data-id=\"865\" data-full-url=\"http:\/\/https:\/\/editorialuniversitaria.usac.edu.gt\/wp-content\/uploads\/2021\/07\/1972433_918200568240741_1968966372512986426_n-copia.jpg\" data-link=\"http:\/\/https:\/\/editorialuniversitaria.usac.edu.gt\/index.php\/historia-de-la-editorial-universitaria\/1972433_918200568240741_1968966372512986426_n-copia\/\" class=\"wp-image-865\" srcset=\"https:\/\/editorialuniversitaria.usac.edu.gt\/wp-content\/uploads\/2021\/07\/1972433_918200568240741_1968966372512986426_n-copia.jpg 468w, https:\/\/editorialuniversitaria.usac.edu.gt\/wp-content\/uploads\/2021\/07\/1972433_918200568240741_1968966372512986426_n-copia-226x300.jpg 226w\" sizes=\"(max-width: 468px) 100vw, 468px\" \/><\/figure><\/li><li class=\"blocks-gallery-item\"><figure><img decoding=\"async\" width=\"468\" height=\"620\" src=\"http:\/\/https:\/\/editorialuniversitaria.usac.edu.gt\/wp-content\/uploads\/2021\/07\/10308330_696602020400598_122199810040892887_n-copia.jpg\" alt=\"\" data-id=\"866\" data-full-url=\"http:\/\/https:\/\/editorialuniversitaria.usac.edu.gt\/wp-content\/uploads\/2021\/07\/10308330_696602020400598_122199810040892887_n-copia.jpg\" data-link=\"http:\/\/https:\/\/editorialuniversitaria.usac.edu.gt\/index.php\/historia-de-la-editorial-universitaria\/10308330_696602020400598_122199810040892887_n-copia\/\" class=\"wp-image-866\" srcset=\"https:\/\/editorialuniversitaria.usac.edu.gt\/wp-content\/uploads\/2021\/07\/10308330_696602020400598_122199810040892887_n-copia.jpg 468w, https:\/\/editorialuniversitaria.usac.edu.gt\/wp-content\/uploads\/2021\/07\/10308330_696602020400598_122199810040892887_n-copia-226x300.jpg 226w\" sizes=\"(max-width: 468px) 100vw, 468px\" \/><\/figure><\/li><\/ul><\/figure>\n","protected":false},"excerpt":{"rendered":"<p>En la m\u00e1xima casa de estudios de Guatemala, la Universidad de San Carlos, era indispensable la instalaci\u00f3n de una imprenta para realizar la importante tarea de divulgaci\u00f3n cultural. Ante tan urgente necesidad, las autoridades universitarias impulsaron la b\u00fasqueda de una imprenta, como qued\u00f3 apuntado en las gestiones realizadas el 28 de abril de 1945 (correspondencia [&hellip;]<\/p>\n","protected":false},"author":1,"featured_media":873,"parent":0,"menu_order":0,"comment_status":"closed","ping_status":"closed","template":"","meta":{"iawp_total_views":32,"footnotes":""},"class_list":["post-14","page","type-page","status-publish","has-post-thumbnail","czr-hentry"],"_links":{"self":[{"href":"https:\/\/editorialuniversitaria.usac.edu.gt\/index.php\/wp-json\/wp\/v2\/pages\/14","targetHints":{"allow":["GET"]}}],"collection":[{"href":"https:\/\/editorialuniversitaria.usac.edu.gt\/index.php\/wp-json\/wp\/v2\/pages"}],"about":[{"href":"https:\/\/editorialuniversitaria.usac.edu.gt\/index.php\/wp-json\/wp\/v2\/types\/page"}],"author":[{"embeddable":true,"href":"https:\/\/editorialuniversitaria.usac.edu.gt\/index.php\/wp-json\/wp\/v2\/users\/1"}],"replies":[{"embeddable":true,"href":"https:\/\/editorialuniversitaria.usac.edu.gt\/index.php\/wp-json\/wp\/v2\/comments?post=14"}],"version-history":[{"count":3,"href":"https:\/\/editorialuniversitaria.usac.edu.gt\/index.php\/wp-json\/wp\/v2\/pages\/14\/revisions"}],"predecessor-version":[{"id":868,"href":"https:\/\/editorialuniversitaria.usac.edu.gt\/index.php\/wp-json\/wp\/v2\/pages\/14\/revisions\/868"}],"wp:featuredmedia":[{"embeddable":true,"href":"https:\/\/editorialuniversitaria.usac.edu.gt\/index.php\/wp-json\/wp\/v2\/media\/873"}],"wp:attachment":[{"href":"https:\/\/editorialuniversitaria.usac.edu.gt\/index.php\/wp-json\/wp\/v2\/media?parent=14"}],"curies":[{"name":"wp","href":"https:\/\/api.w.org\/{rel}","templated":true}]}}